-1
Let p(f) = -f**3 - 8*f**2 + 46*f - 14. Determine p(-12).
10
Let j(n) = n**3 + 5*n**2 - 17*n - 1. What is j(-7)?
20
Let g(u) = u**3 + 7*u**2 - 9*u + 11. What is g(-9)?
-70
Let o(l) = -4*l**3 - l**2 + 5*l - 1. What is o(3)?
-103
Let t(d) = d**2 - 6*d - 55. Calculate t(11).
0
Let i(o) = 2*o**3 - 2*o**2 - 5*o + 4. What is i(3)?
25
Let t(f) = -f**3 + 2*f**2 + f - 12. What is t(4)?
-40
Let m(f) = f**2 - 16*f + 59. Calculate m(11).
4
Let w(k) = -k**3 + 10*k**2 - 12*k + 7. Determine w(9).
-20
Let b(d) = d**3 - 10*d**2 + 6*d + 16. Calculate b(9).
-11
Let x(t) = t - 15. Calculate x(5).
-10
Let h(x) = x**2 - 2*x - 1. Give h(6).
23
Let h(g) = -g**3 + 4*g**2 + 14*g - 50. Give h(5).
-5
Let s(c) = -12*c - 30. Give s(-6).
42
Let n(y) = -2*y + 15. Give n(7).
1
Let n(c) = 4*c**3 - 5*c**2 + c + 4. Give n(3).
70
Let y(p) = p**3 + 4*p**2 - 8*p - 12. Determine y(-5).
3
Let p(i) = -i**3 + 11*i**2 + 10*i + 8. Give p(12).
-16
Let j(q) = q**3 + 13*q**2 - 5*q + 14. Give j(-13).
79
Let g(i) = i**2 + 21*i - 24. What is g(-22)?
-2
Let c(y) = -y**3 - 16*y**2 - 11*y + 30. Give c(-15).
-30
Let d(u) = -5*u + 133. Calculate d(36).
-47
Let f(j) = -118*j**3 - 3*j + 1. Give f(1).
-120
Let g(w) = w**3 + 13*w**2 - w - 4. Calculate g(-13).
9
Let a(l) = 2*l**2 - 2*l - 1. Determine a(-1).
3
Let j(s) = -s**2 - 6*s + 2. Calculate j(-5).
7
Let s(m) = -m**3 + 11*m**2 - 13*m + 1. Determine s(10).
-29
Let h(f) = 3*f - 5. Calculate h(4).
7
Let w(f) = 47*f - 81. Determine w(2).
13
Let b(u) = 2*u + 2. Determine b(4).
10
Let d(i) = -i**3 - 7*i**2 + 6*i + 39. Determine d(-7).
-3
Let l(v) = 2*v**3 - 3*v**2 - 4*v + 2. What is l(3)?
17
Let j(m) = m**3 - 7*m + 5. Determine j(3).
11
Let w(f) = 6*f - 43. Calculate w(8).
5
Let q(i) = -12*i + 47. Determine q(-12).
191
Let i(x) = -x**2 - 8*x + 15. Give i(-10).
-5
Let n(d) = -11*d - 108. Calculate n(-9).
-9
Let m(q) = 2*q**2 + 13*q + 15. What is m(-6)?
9
Let t(s) = s**2 - 22*s + 21. What is t(23)?
44
Let x(l) = -l**3 + 24*l**2 - l + 1. Calculate x(24).
-23
Let c(a) = a**2 + 37*a + 340. Give c(-18).
-2
Let j(b) = 3*b - 51. Determine j(19).
6
Let v(n) = n**3 + 3*n**2 - 4*n + 6. What is v(-5)?
-24
Let m(p) = -p**2 + 11*p + 27. What is m(14)?
-15
Let t(c) = -5*c**2 + 24*c + 9. What is t(6)?
-27
Let o(r) = -3*r**2 + 2*r - 6. What is o(3)?
-27
Let z(t) = -t**3 + 9*t**2 - 21*t + 15. What is z(6)?
-3
Let o(c) = -c**2 - 50*c - 605. Calculate o(-30).
-5
Let m(s) = -s**3 + s**2 - s + 59. Give m(0).
59
Let o(p) = p + 16. Calculate o(9).
25
Let z(y) = y**3 + 10*y**2 + 7*y - 15. Give z(-9).
3
Let c(p) = p**3 + 7*p**2 + 9*p. Calculate c(-6).
-18
Let i(c) = -34*c - 4. What is i(1)?
-38
Let a(h) = -h**3 + 7*h**2 - 10*h - 7. Calculate a(5).
-7
Let q(n) = -n**3 + 21*n**2 - 56*n + 43. Calculate q(18).
7
Let s(r) = r**3 + 8*r**2 - 5*r - 8. What is s(-9)?
-44
Let p(h) = h**2 + 13*h + 11. Calculate p(-13).
11
Let f(g) = -g**2 + g - 2. Calculate f(2).
-4
Let p(o) = o**3 - 4*o**2 + 2. What is p(3)?
-7
Let x(w) = -w**3 - 7*w**2 + 4*w + 29. What is x(-7)?
1
Let g(s) = s**2 + 19*s + 6. Give g(-18).
-12
Let b(u) = 13*u + 5. What is b(4)?
57
Let z(q) = -q**3 + 22*q**2 + 2*q - 42. What is z(22)?
2
Let l(z) = -z**3 - 45*z**2 - 85*z + 42. Determine l(-43).
-1
Let i(h) = h**2 + 9*h + 7. Calculate i(-7).
-7
Let p(m) = -5*m**3 - 4*m**2 - 3*m. Calculate p(-2).
30
Let h(p) = -p**3 + 27*p**2 + 89*p + 33. Give h(30).
3
Let c(y) = -y**3 - 10*y**2 + 4*y - 3. Determine c(-10).
-43
Let n(a) = 2*a - 6. What is n(5)?
4
Let w(m) = -3*m + 23. Determine w(14).
-19
Let m(o) = 2*o + 9. What is m(-5)?
-1
Let x(w) = 10*w. Calculate x(5).
50
Let f(u) = -45*u - 626. What is f(-14)?
4
Let z(d) = -d**3 - 13*d**2 - 14*d - 13. Give z(-12).
11
Let x(a) = -a**3 - 12*a**2 + 15*a + 19. Give x(-13).
-7
Let f(r) = -4*r**2 + 31*r - 5. What is f(8)?
-13
Let g(o) = o**3 - 9*o**2 - 8*o - 16. Give g(10).
4
Let f(p) = 20*p + 4. Determine f(-2).
-36
Let u(r) = 3*r**2 - 39*r + 39. Give u(12).
3
Let u(y) = 34*y - 383. Calculate u(11).
-9
Let p(t) = 2*t**3 + 2*t**2 - 5*t + 4. Calculate p(2).
18
Let x(n) = n**2 - 9*n - 4. Calculate x(10).
6
Let s(o) = o**2 - 13*o + 1. Give s(13).
1
Let x(h) = 4*h - 7. Calculate x(-5).
-27
Let h(c) = -c**2 - 64. Determine h(0).
-64
Let h(k) = -6*k - 6. Give h(2).
-18
Let l(h) = 3*h**2 + 6*h - 5. Give l(-7).
100
Let u(s) = 4*s. What is u(2)?
8
Let z(w) = 2*w**2 - 15*w - 6. Determine z(8).
2
Let f(q) = -q**3 - 27*q**2 - 27*q - 26. Calculate f(-26).
0
Let j(a) = 19*a - 462. Calculate j(24).
-6
Let v(u) = -u**2 - 23*u + 170. Determine v(6).
-4
Let r(s) = -s**2 + 2*s - 1. Calculate r(-5).
-36
Let b(q) = -8*q**2 - 4*q - 13. What is b(-5)?
-193
Let f(x) = -4*x - 4. What is f(-3)?
8
Let x(n) = -n**2 + 6*n - 3. Calculate x(4).
5
Let c(t) = 11*t + 5. Determine c(-3).
-28
Let a(g) = g**3 + 17*g**2 - 2*g - 33. Give a(-17).
1
Let j(v) = -v**3 - 6*v**2 + 5*v - 11. Give j(-7).
3
Let u(l) = l**2 + 40*l - 87. Determine u(2).
-3
Let v(d) = -4*d + 32. Determine v(27).
-76
Let a(k) = k**3 - 10*k**2 - k - 5. Give a(10).
-15
Let j(u) = -u**3 - 10*u**2 - 9*u + 10. Calculate j(-9).
10
Let p(a) = -a**2 - 31*a - 79. What is p(-28)?
5
Let v(r) = -r + 26. Give v(8).
18
Let x(v) = -11*v - 1. Calculate x(-1).
10
Let m(c) = c**3 + 3*c**2 + 3*c + 4. Give m(-2).
2
Let a(m) = 2*m**2 + 6*m + 71. Give a(0).
71
Let g(d) = 9*d + 52. Calculate g(-12).
-56
Let u(s) = s**2 - 10*s - 22. What is u(-4)?
34
Let f(a) = -14*a**2 + 6*a + 5. Calculate f(-1).
-15
Let s(c) = -c**2 - 5*c - 13. Give s(-6).
-19
Let d(o) = -o**3 - 7*o**2 + o + 7. What is d(-4)?
-45
Let n(m) = 11*m - 27. What is n(8)?
61
Let s(r) = -r**2 - 4. What is s(-7)?
-53
Let h(c) = -c**2 + 8*c - 8. Calculate h(1).
-1
Let j(u) = -337*u + 2019. Calculate j(6).
-3
Let k(c) = -7*c**2 - 3*c. Calculate k(-3).
-54
Let i(m) = m**2 + 3*m - 4. Determine i(-7).
24
Let s(c) = -c**2 + 15*c - 5. Determine s(11).
39
Let r(d) = d**3 + 5*d**2 - 5*d + 3. Calculate r(-6).
-3
Let o(l) = 2*l**2 + 9*l - 15. Determine o(-8).
41
Let h(q) = -36*q**3 + 2*q**2 + 2*q - 3. Give h(1).
-35
Let j(o) = o - 5. Calculate j(0).
-5
Let f(b) = b**2 + 5*b - 39. What is f(-11)?
27
Let r(n) = 57*n - 11. What is r(1)?
46
Let h(t) = 2*t + 31. Calculate h(-18).
-5
Let i(f) = -7*f - 250. Determine i(-35).
-5
Let j(o) = -o**2 - 7*o - 12. Determine j(-6).
-6
Let q(v) = 6*v - 55. Determine q(10).
5
Let m(z) = -17*z + 48. Calculate m(4).
-20
Let n(z) = z**2 - z - 1. Calculate n(-1).
1
Let b(k) = 2*k**2 + 29*k - 23. Give b(-15).
-8
Let v(k) = -3*k**2. Give v(2).
-12
Let u(o) = 33*o + 377. Calculate u(-11).
14
Let o(n) = n**3 - 3*n**2 + 8*n - 16. What is o(3)?
8
Let n(u) = -53*u + 3. What is n(-1)?
56
Let o(z) = -z**3 - z**2 - z - 3. Calculate o(-4).
49
Let t(q) = q**3 - 5*q**2 + 2*q - 3. Determine t(5).
7
Let g(a) = a**3 - 7*a**2 - 2*a - 5. Determine g(7).
-19
Let t(m) = m**2 + 15*m + 1. Calculate t(-6).
-53
Let w(l) = 2*l - 22. Determine w(-2).
-26
Let y(o) = o**3 + o**2 - 9*o + 8. Calculate y(2).
2
Let b(d) = -d - 6. Calculate b(-4).
-2
Let f(t) = -t**3 - 5*t**2 - 24*t - 70. What is f(-4)?
10
Let v(i) = 8*i - 61. Calculate v(13).
43
Let n(p) = -p - 21. Give n(-10).
-11
Let z(v) = v**3 + 8*v**2 - 28*v + 38. Calculate z(-11).
-17
Let w(j) = j**2 - 13*j + 24. Calculate w(13).
24
Let h(d) = -2*d + 158. What is h(0)?
158
Let z(d) = -d**3 + 8*d**2 - d + 9. Determine z(8).
1
Let z(p) = -2*p**2 + 24*p - 42. Determine z(14).
-98
Let c(k) = 24*k + 1996. What is c(-83)?
4
Let s(w) = -3*w - 23. Determine s(-11).
10
Let l(g) = -6*g - 4. Calculate l(-2).
8
Let o(n) = n**3 + 7*n**2 + 6*n. Determine o(-2).
8
Let y(a) = -5*a. Give y(-2).
10
Let a(k) = k**3 + 4*k**2 + 3*k - 5. Determine a(-4).
-17
Let i(s) = -s**3 + s**2 - s - 18. Give i(0).
-18
Let q(f) = -f**3 - 15*f**2 + 33*f - 15. What is q(-17)?
2
Let i(w) = 23*w + 33. Calculate i(-6).
-105
Let u(y) = 50*y + 55. Determine u(-1).
5
Let v(c) = 2*c**2 - 34*c - 50. Calculate v(18).
-14
Let u(s) = s**3 + 22*s**2 + 41*s - 30. Calculate u(-20).
-50
Let o(b) = -b**2 + 8*b - 9. What is o(7)?
-2
Let r(c) = 9*c + 39. Calculate r(-5).
-6
Let m(t) = t**3 + 11*t**2 + 30*t + 51. Give m(-8).
3
Let w(b) = -b**2 + b + 45. What is w(7)?
3
Let f(b) = 2*b**3 + b - 9. Give f(0).
-9
Let f(h) = h**2 + 23*h - 45. Give f(-25).
5
Let n(w) = -w**3 - 25*w**2 + 53*w - 26. Determine n(-27).
1
Let m(v) = -56*v - 